{"id":1102,"date":"2025-03-29T19:20:28","date_gmt":"2025-03-29T17:20:28","guid":{"rendered":"http:\/\/www.sirene112.de\/?page_id=1102"},"modified":"2025-12-04T18:17:46","modified_gmt":"2025-12-04T16:17:46","slug":"abkuendigung-sirene112-projekt","status":"publish","type":"page","link":"https:\/\/www.sirene112.de\/","title":{"rendered":"Abk\u00fcndigung SIRENE112 Projekt"},"content":{"rendered":"\n<p>ABSCHALTUNG&nbsp;SIRENE112&nbsp;Projekt<\/p>\n\n\n\n<p>Das Projekt SIRENE112 wurde eingestellt.<\/p>\n\n\n\n<p>Die\u00a0Server\u00a0zum\u00a0Betrieb\u00a0von\u00a0SIRENE112\u00a0wurden\u00a0abgeschaltet.<\/p>\n\n\n\n<p>Somit sind alle Online-Dienste nicht mehr nutzbar!<\/p>\n\n\n\n<p>Ein\u00a0Wechsel\u00a0auf\u00a0ein\u00a0anderes\u00a0System\u00a0ist\u00a0zwingend\u00a0n\u00f6tig.<br>Ebenso wurde der Service bereits eingestellt.<\/p>\n\n\n\n<p>Wir bedanken uns sehr herzlich bei allen treuen Kunden, Gesch\u00e4ftspartnern und Kameraden f\u00fcr die langj\u00e4hrige Verbundenheit!<\/p>\n\n\n\n<p>Mit&nbsp;kameradschaftlichen&nbsp;Gr\u00fc\u00dfen,<\/p>\n\n\n\n<p>Das\u00a0SIRENE112-Team<\/p>\n\n\n\n<p><\/p>\n","protected":false},"excerpt":{"rendered":"<p>ABSCHALTUNG&nbsp;SIRENE112&nbsp;Projekt Das Projekt SIRENE112 wurde eingestellt. Die\u00a0Server\u00a0zum\u00a0Betrieb\u00a0von\u00a0SIRENE112\u00a0wurden\u00a0abgeschaltet. Somit sind alle Online-Dienste nicht mehr nutzbar! Ein\u00a0Wechsel\u00a0auf\u00a0ein\u00a0anderes\u00a0System\u00a0ist\u00a0zwingend\u00a0n\u00f6tig.Ebenso wurde der Service bereits eingestellt. Wir bedanken uns sehr herzlich bei allen treuen Kunden, Gesch\u00e4ftspartnern und Kameraden f\u00fcr die langj\u00e4hrige Verbundenheit! Mit&nbsp;kameradschaftlichen&nbsp;Gr\u00fc\u00dfen, Das\u00a0SIRENE112-Team<\/p>\n","protected":false},"author":1,"featured_media":0,"parent":0,"menu_order":0,"comment_status":"closed","ping_status":"closed","template":"","meta":[],"_links":{"self":[{"href":"https:\/\/www.sirene112.de\/index.php?rest_route=\/wp\/v2\/pages\/1102"}],"collection":[{"href":"https:\/\/www.sirene112.de\/index.php?rest_route=\/wp\/v2\/pages"}],"about":[{"href":"https:\/\/www.sirene112.de\/index.php?rest_route=\/wp\/v2\/types\/page"}],"author":[{"embeddable":true,"href":"https:\/\/www.sirene112.de\/index.php?rest_route=\/wp\/v2\/users\/1"}],"replies":[{"embeddable":true,"href":"https:\/\/www.sirene112.de\/index.php?rest_route=%2Fwp%2Fv2%2Fcomments&post=1102"}],"version-history":[{"count":4,"href":"https:\/\/www.sirene112.de\/index.php?rest_route=\/wp\/v2\/pages\/1102\/revisions"}],"predecessor-version":[{"id":1129,"href":"https:\/\/www.sirene112.de\/index.php?rest_route=\/wp\/v2\/pages\/1102\/revisions\/1129"}],"wp:attachment":[{"href":"https:\/\/www.sirene112.de\/index.php?rest_route=%2Fwp%2Fv2%2Fmedia&parent=1102"}],"curies":[{"name":"wp","href":"https:\/\/api.w.org\/{rel}","templated":true}]}}